s divided by 68?
65
Calculate the remainder when 78 is divided by 38.
2
Calculate the remainder when 318 is divided by 76.
14
What is the remainder when 250 is divided by 84?
82
What is the remainder when 58 is divided by 22?
14
What is the remainder when 258 is divided by 212?
46
What is the remainder when 451 is divided by 76?
71
Calculate the remainder when 92 is divided by 19.
16
Calculate the remainder when 137 is divided by 69.
68
Calculate the remainder when 231 is divided by 73.
12
Calculate the remainder when 476 is divided by 122.
110
What is the remainder when 143 is divided by 26?
13
Calculate the remainder when 747 is divided by 17.
16
Calculate the remainder when 322 is divided by 77.
14
What is the remainder when 51 is divided by 13?
12
What is the remainder when 224 is divided by 19?
15
What is the remainder when 198 is divided by 16?
6
What is the remainder when 236 is divided by 30?
26
What is the remainder when 7717 is divided by 193?
190
What is the remainder when 31 is divided by 16?
15
What is the remainder when 2305 is divided by 105?
100
Calculate the remainder when 211 is divided by 24.
19
Calculate the remainder when 94 is divided by 20.
14
Calculate the remainder when 113 is divided by 30.
23
What is the remainder when 2033 is divided by 68?
61
What is the remainder when 263 is divided by 17?
8
Calculate the remainder when 18 is divided by 2.
0
Calculate the remainder when 175 is divided by 55.
10
Calculate the remainder when 132 is divided by 83.
49
Calculate the remainder when 126 is divided by 1.
0
What is the remainder when 5038 is divided by 90?
88
What is the remainder when 933 is divided by 330?
273
Calculate the remainder when 240 is divided by 22.
20
What is the remainder when 1854 is divided by 116?
114
What is the remainder when 265 is divided by 30?
25
What is the remainder when 3078 is divided by 23?
19
Calculate the remainder when 2677 is divided by 47.
45
Calculate the remainder when 23663 is divided by 34.
33
What is the remainder when 6193 is divided by 1538?
41
What is the remainder when 1752 is divided by 36?
24
Calculate the remainder when 21 is divided by 8.
5
Calculate the remainder when 120 is divided by 22.
10
What is the remainder when 295 is divided by 76?
67
What is the remainder when 946 is divided by 245?
211
What is the remainder when 146 is divided by 30?
26
What is the remainder when 88 is divided by 23?
19
Calculate the remainder when 35 is divided by 10.
5
What is the remainder when 1678 is divided by 41?
38
Calculate the remainder when 93 is divided by 9.
3
Calculate the remainder when 19213 is divided by 63.
61
What is the remainder when 629 is divided by 10?
9
Calculate the remainder when 1155 is divided by 7.
0
Calculate the remainder when 1521 is divided by 12.
9
Calculate the remainder when 126 is divided by 16.
14
Calculate the remainder when 153 is divided by 58.
37
What is the remainder when 646 is divided by 93?
88
What is the remainder when 55 is divided by 19?
17
What is the remainder when 263 is divided by 22?
21
Calculate the remainder when 70 is divided by 50.
20
Calculate the remainder when 2088 is divided by 123.
120
What is the remainder when 959 is divided by 34?
7
Calculate the remainder when 1211 is divided by 76.
71
Calculate the remainder when 329 is divided by 175.
154
What is the remainder when 683 is divided by 12?
11
What is the remainder when 114 is divided by 47?
20
What is the remainder when 372 is divided by 101?
69
Calculate the remainder when 4749 is divided by 8.
5
What is the remainder when 120 is divided by 79?
41
What is the remainder when 10686 is divided by 289?
282
What is the remainder when 42 is divided by 18?
6
What is the remainder when 258 is divided by 10?
8
What is the remainder when 564 is divided by 116?
100
Calculate the remainder when 303 is divided by 128.
47
What is the remainder when 605 is divided by 296?
13
What is the remainder when 458 is divided by 6?
2
Calculate the remainder when 1636 is divided by 78.
76
What is the remainder when 7370 is divided by 19?
17
Calculate the remainder when 348 is divided by 104.
36
Calculate the remainder when 955 is divided by 236.
11
Calculate the remainder when 196 is divided by 76.
44
What is the remainder when 1135 is divided by 1113?
22
Calculate the remainder when 9 is divided by 3.
0
Calculate the remainder when 2 is divided by 2.
0
Calculate the remainder when 112 is divided by 85.
27
Calculate the remainder when 5905 is divided by 197.
192
What is the remainder when 1126 is divided by 48?
22
Calculate the remainder when 523 is divided by 106.
99
What is the remainder when 208 is divided by 74?
60
Calculate the remainder when 64 is divided by 41.
23
What is the remainder when 266 is divided by 30?
26
Calculate the remainder when 145 is divided by 53.
39
Calculate the remainder when 49 is divided by 30.
19
Calculate the remainder when 126 is divided by 31.
2
What is the remainder when 831 is divided by 48?
15
Calculate the remainder when 1913 is divided by 87.
86
Calculate the remainder when 46 is divided by 31.
15
What is the remainder when 1000 is divided by 44?
32
What is the remainder when 430 is divided by 24?
22
Calculate the remainder when 214 is divided by 27.
25
Calculate the remainder when 92 is divided by 15.
2
What is the remainder when 398 is divided by 37?
28
What is the remainder when 96 is divided by 11?
8
Calculate the remainder when 1670 is divided by 9.
5
What is the remainder when 125 is divided by 73?
52
What is the remainder when 132 is divided by 46?
40
What is the remainder when 11506 is divided by 17?
14
What is the remainder when 161 is divided by 27?
26
Calculate the remainder when 544 is divided by 231.
82
Calculate the remainder when 990 is divided by 138.
24
Calculate the remainder when 89 is divided by 6.
5
What is the remainder when 18882 is divided by 23?
22
Calculate the remainder when 248 is divided by 234.
14
Calculate the remainder when 19 is divided by 9.
1
What is the remainder when 103 is divided by 23?
11
Calculate the remainder when 58 is divided by 28.
2
What is the remainder when 560 is divided by 51?
50
Calculate the remainder when 854 is divided by 39.
35
Calculate the remainder when 1799 is divided by 26.
5
Calculate the remainder when 156 is divided by 73.
10
What is the remainder when 123 is divided by 33?
24
Calculate the remainder when 221 is divided by 90.
41
Calculate the remainder when 353 is divided by 71.
69
What is the remainder when 130 is divided by 35?
25
What is the remainder when 551 is divided by 146?
113
What is the remainder when 3846 is divided by 10?
6
Calculate the remainder when 118 is divided by 46.
26
What is the remainder when 5717 is divided by 143?
140
What is the remainder when 15573 is divided by 236?
233
Calculate the remainder when 10 is divided by 6.
4
What is the remainder when 4510 is divided by 105?
100
Calculate the remainder when 197 is divided by 51.
44
What is the remainder when 11 is divided by 5?
1
What is the remainder when 531 is divided by 28?
27
Calculate the remainder when 168 is divided by 36.
24
What is the remainder when 257 is divided by 13?
10
Calculate the remainder when 310 is divided by 107.
96
What is the remainder when 511 is divided by 162?
25
Calculate the remainder when 50 is divided by 13.
11
Calculate the remainder when 692 is divided by 20.
12
Calculate the remainder when 262 is divided by 126.
10
What is the remainder when 124 is divided by 27?
16
What is the remainder when 354 is divided by 89?
87
Calculate the remainder when 732 is divided by 94.
74
What is the remainder when 54 is divided by 18?
0
What is the remainder when 53 is divided by 40?
13
Calculate the remainder when 83 is divided by 21.
20
Calculate the remainder when 19 is divided by 18.
1
Calculate the remainder when 1123 is divided by 81.
70
Calculate the remainder when 2067 is divided by 115.
112
What is the remainder when 54 is divided by 4?
2
What is the remainder when 657 is divided by 66?
63
Calculate the remainder when 891 is divided by 436.
19
Calculate the remainder when 7955 is divided by 9.
8
Calculate the remainder when 536 is divided by 36.
32
Calculate the remainder when 44 is divided by 26.
18
